{"id":599,"date":"2025-07-16T02:07:37","date_gmt":"2025-07-16T02:07:37","guid":{"rendered":"https:\/\/castlemaindev.wpenginepowered.com\/?page_id=599"},"modified":"2025-09-26T15:40:12","modified_gmt":"2025-09-26T15:40:12","slug":"reconciliation","status":"publish","type":"page","link":"https:\/\/www.castlemain.com\/fr\/a-propos\/reconciliation\/","title":{"rendered":"R\u00e9conciliation"},"content":{"rendered":"","protected":false},"excerpt":{"rendered":"","protected":false},"author":3,"featured_media":0,"parent":470,"menu_order":1,"comment_status":"open","ping_status":"open","template":"","meta":{"_acf_changed":false,"inline_featured_image":false,"footnotes":""},"class_list":["post-599","page","type-page","status-publish","hentry"],"acf":[],"yoast_head":"<!-- This site is optimized with the Yoast SEO plugin v27.3 - https:\/\/yoast.com\/product\/yoast-seo-wordpress\/ -->\n<title>R\u00e9conciliation - Castlemain Group<\/title>\n<meta name=\"description\" content=\"Nous mettons en pratique la r\u00e9conciliation par des actions concr\u00e8tes : leadership autochtone, travail respectueux des cultures, souverainet\u00e9 des donn\u00e9es et plan d&#039;action officiel pour la r\u00e9conciliation conforme aux appels \u00e0 l&#039;action de la Commission de v\u00e9rit\u00e9 et r\u00e9conciliation et \u00e0 la D\u00e9claration des Nations Unies sur les droits des peuples autochtones.\" \/>\n<meta name=\"robots\" content=\"index, follow, max-snippet:-1, max-image-preview:large, max-video-preview:-1\" \/>\n<link rel=\"canonical\" href=\"https:\/\/www.castlemain.com\/about\/reconciliation\/\" \/>\n<meta property=\"og:locale\" content=\"fr_FR\" \/>\n<meta property=\"og:type\" content=\"article\" \/>\n<meta property=\"og:title\" content=\"La R\u00e9conciliation | Castlemain\" \/>\n<meta property=\"og:description\" content=\"Nous mettons en pratique la r\u00e9conciliation par des actions concr\u00e8tes : leadership autochtone, travail respectueux des cultures, souverainet\u00e9 des donn\u00e9es et plan d&#039;action officiel pour la r\u00e9conciliation conforme aux appels \u00e0 l&#039;action de la Commission de v\u00e9rit\u00e9 et r\u00e9conciliation et \u00e0 la D\u00e9claration des Nations Unies sur les droits des peuples autochtones.\" \/>\n<meta property=\"og:url\" content=\"https:\/\/www.castlemain.com\/about\/reconciliation\/\" \/>\n<meta property=\"og:site_name\" content=\"Castlemain Group\" \/>\n<meta property=\"article:modified_time\" content=\"2025-09-26T15:40:12+00:00\" \/>\n<meta property=\"og:image\" content=\"https:\/\/www.castlemain.com\/wp-content\/uploads\/2025\/07\/reconsciliation_hero_mob.webp\" \/>\n\t<meta property=\"og:image:width\" content=\"786\" \/>\n\t<meta property=\"og:image:height\" content=\"500\" \/>\n\t<meta property=\"og:image:type\" content=\"image\/webp\" \/>\n<meta name=\"twitter:card\" content=\"summary_large_image\" \/>\n<script type=\"application\/ld+json\" class=\"yoast-schema-graph\">{\"@context\":\"https:\\\/\\\/schema.org\",\"@graph\":[{\"@type\":\"WebPage\",\"@id\":\"https:\\\/\\\/www.castlemain.com\\\/about\\\/reconciliation\\\/\",\"url\":\"https:\\\/\\\/www.castlemain.com\\\/about\\\/reconciliation\\\/\",\"name\":\"R\u00e9conciliation - Castlemain Group\",\"isPartOf\":{\"@id\":\"https:\\\/\\\/www.castlemain.com\\\/#website\"},\"datePublished\":\"2025-07-16T02:07:37+00:00\",\"dateModified\":\"2025-09-26T15:40:12+00:00\",\"description\":\"Nous mettons en pratique la r\u00e9conciliation par des actions concr\u00e8tes : leadership autochtone, travail respectueux des cultures, souverainet\u00e9 des donn\u00e9es et plan d'action officiel pour la r\u00e9conciliation conforme aux appels \u00e0 l'action de la Commission de v\u00e9rit\u00e9 et r\u00e9conciliation et \u00e0 la D\u00e9claration des Nations Unies sur les droits des peuples autochtones.\",\"breadcrumb\":{\"@id\":\"https:\\\/\\\/www.castlemain.com\\\/about\\\/reconciliation\\\/#breadcrumb\"},\"inLanguage\":\"fr-FR\",\"potentialAction\":[{\"@type\":\"ReadAction\",\"target\":[\"https:\\\/\\\/www.castlemain.com\\\/about\\\/reconciliation\\\/\"]}]},{\"@type\":\"BreadcrumbList\",\"@id\":\"https:\\\/\\\/www.castlemain.com\\\/about\\\/reconciliation\\\/#breadcrumb\",\"itemListElement\":[{\"@type\":\"ListItem\",\"position\":1,\"name\":\"Home\",\"item\":\"https:\\\/\\\/www.castlemain.com\\\/fr\\\/\"},{\"@type\":\"ListItem\",\"position\":2,\"name\":\"\u00c0 propos\",\"item\":\"https:\\\/\\\/www.castlemain.com\\\/fr\\\/a-propos\\\/\"},{\"@type\":\"ListItem\",\"position\":3,\"name\":\"R\u00e9conciliation\"}]},{\"@type\":\"WebSite\",\"@id\":\"https:\\\/\\\/www.castlemain.com\\\/#website\",\"url\":\"https:\\\/\\\/www.castlemain.com\\\/\",\"name\":\"Castlemain Group\",\"description\":\"\",\"publisher\":{\"@id\":\"https:\\\/\\\/www.castlemain.com\\\/#organization\"},\"potentialAction\":[{\"@type\":\"SearchAction\",\"target\":{\"@type\":\"EntryPoint\",\"urlTemplate\":\"https:\\\/\\\/www.castlemain.com\\\/?s={search_term_string}\"},\"query-input\":{\"@type\":\"PropertyValueSpecification\",\"valueRequired\":true,\"valueName\":\"search_term_string\"}}],\"inLanguage\":\"fr-FR\"},{\"@type\":\"Organization\",\"@id\":\"https:\\\/\\\/www.castlemain.com\\\/#organization\",\"name\":\"Castlemain Group\",\"url\":\"https:\\\/\\\/www.castlemain.com\\\/\",\"logo\":{\"@type\":\"ImageObject\",\"inLanguage\":\"fr-FR\",\"@id\":\"https:\\\/\\\/www.castlemain.com\\\/#\\\/schema\\\/logo\\\/image\\\/\",\"url\":\"https:\\\/\\\/www.castlemain.com\\\/wp-content\\\/uploads\\\/2026\\\/03\\\/Castlemain-Logo-Black-RGB.svg\",\"contentUrl\":\"https:\\\/\\\/www.castlemain.com\\\/wp-content\\\/uploads\\\/2026\\\/03\\\/Castlemain-Logo-Black-RGB.svg\",\"caption\":\"Castlemain Group\"},\"image\":{\"@id\":\"https:\\\/\\\/www.castlemain.com\\\/#\\\/schema\\\/logo\\\/image\\\/\"}}]}<\/script>\n<!-- \/ Yoast SEO plugin. -->","yoast_head_json":{"title":"R\u00e9conciliation - Castlemain Group","description":"Nous mettons en pratique la r\u00e9conciliation par des actions concr\u00e8tes : leadership autochtone, travail respectueux des cultures, souverainet\u00e9 des donn\u00e9es et plan d'action officiel pour la r\u00e9conciliation conforme aux appels \u00e0 l'action de la Commission de v\u00e9rit\u00e9 et r\u00e9conciliation et \u00e0 la D\u00e9claration des Nations Unies sur les droits des peuples autochtones.","robots":{"index":"index","follow":"follow","max-snippet":"max-snippet:-1","max-image-preview":"max-image-preview:large","max-video-preview":"max-video-preview:-1"},"canonical":"https:\/\/www.castlemain.com\/about\/reconciliation\/","og_locale":"fr_FR","og_type":"article","og_title":"La R\u00e9conciliation | Castlemain","og_description":"Nous mettons en pratique la r\u00e9conciliation par des actions concr\u00e8tes : leadership autochtone, travail respectueux des cultures, souverainet\u00e9 des donn\u00e9es et plan d'action officiel pour la r\u00e9conciliation conforme aux appels \u00e0 l'action de la Commission de v\u00e9rit\u00e9 et r\u00e9conciliation et \u00e0 la D\u00e9claration des Nations Unies sur les droits des peuples autochtones.","og_url":"https:\/\/www.castlemain.com\/about\/reconciliation\/","og_site_name":"Castlemain Group","article_modified_time":"2025-09-26T15:40:12+00:00","og_image":[{"width":786,"height":500,"url":"https:\/\/www.castlemain.com\/wp-content\/uploads\/2025\/07\/reconsciliation_hero_mob.webp","type":"image\/webp"}],"twitter_card":"summary_large_image","schema":{"@context":"https:\/\/schema.org","@graph":[{"@type":"WebPage","@id":"https:\/\/www.castlemain.com\/about\/reconciliation\/","url":"https:\/\/www.castlemain.com\/about\/reconciliation\/","name":"R\u00e9conciliation - Castlemain Group","isPartOf":{"@id":"https:\/\/www.castlemain.com\/#website"},"datePublished":"2025-07-16T02:07:37+00:00","dateModified":"2025-09-26T15:40:12+00:00","description":"Nous mettons en pratique la r\u00e9conciliation par des actions concr\u00e8tes : leadership autochtone, travail respectueux des cultures, souverainet\u00e9 des donn\u00e9es et plan d'action officiel pour la r\u00e9conciliation conforme aux appels \u00e0 l'action de la Commission de v\u00e9rit\u00e9 et r\u00e9conciliation et \u00e0 la D\u00e9claration des Nations Unies sur les droits des peuples autochtones.","breadcrumb":{"@id":"https:\/\/www.castlemain.com\/about\/reconciliation\/#breadcrumb"},"inLanguage":"fr-FR","potentialAction":[{"@type":"ReadAction","target":["https:\/\/www.castlemain.com\/about\/reconciliation\/"]}]},{"@type":"BreadcrumbList","@id":"https:\/\/www.castlemain.com\/about\/reconciliation\/#breadcrumb","itemListElement":[{"@type":"ListItem","position":1,"name":"Home","item":"https:\/\/www.castlemain.com\/fr\/"},{"@type":"ListItem","position":2,"name":"\u00c0 propos","item":"https:\/\/www.castlemain.com\/fr\/a-propos\/"},{"@type":"ListItem","position":3,"name":"R\u00e9conciliation"}]},{"@type":"WebSite","@id":"https:\/\/www.castlemain.com\/#website","url":"https:\/\/www.castlemain.com\/","name":"Castlemain Group","description":"","publisher":{"@id":"https:\/\/www.castlemain.com\/#organization"},"potentialAction":[{"@type":"SearchAction","target":{"@type":"EntryPoint","urlTemplate":"https:\/\/www.castlemain.com\/?s={search_term_string}"},"query-input":{"@type":"PropertyValueSpecification","valueRequired":true,"valueName":"search_term_string"}}],"inLanguage":"fr-FR"},{"@type":"Organization","@id":"https:\/\/www.castlemain.com\/#organization","name":"Castlemain Group","url":"https:\/\/www.castlemain.com\/","logo":{"@type":"ImageObject","inLanguage":"fr-FR","@id":"https:\/\/www.castlemain.com\/#\/schema\/logo\/image\/","url":"https:\/\/www.castlemain.com\/wp-content\/uploads\/2026\/03\/Castlemain-Logo-Black-RGB.svg","contentUrl":"https:\/\/www.castlemain.com\/wp-content\/uploads\/2026\/03\/Castlemain-Logo-Black-RGB.svg","caption":"Castlemain Group"},"image":{"@id":"https:\/\/www.castlemain.com\/#\/schema\/logo\/image\/"}}]}},"_links":{"self":[{"href":"https:\/\/www.castlemain.com\/fr\/wp-json\/wp\/v2\/pages\/599","targetHints":{"allow":["GET"]}}],"collection":[{"href":"https:\/\/www.castlemain.com\/fr\/wp-json\/wp\/v2\/pages"}],"about":[{"href":"https:\/\/www.castlemain.com\/fr\/wp-json\/wp\/v2\/types\/page"}],"author":[{"embeddable":true,"href":"https:\/\/www.castlemain.com\/fr\/wp-json\/wp\/v2\/users\/3"}],"replies":[{"embeddable":true,"href":"https:\/\/www.castlemain.com\/fr\/wp-json\/wp\/v2\/comments?post=599"}],"version-history":[{"count":0,"href":"https:\/\/www.castlemain.com\/fr\/wp-json\/wp\/v2\/pages\/599\/revisions"}],"up":[{"embeddable":true,"href":"https:\/\/www.castlemain.com\/fr\/wp-json\/wp\/v2\/pages\/470"}],"wp:attachment":[{"href":"https:\/\/www.castlemain.com\/fr\/wp-json\/wp\/v2\/media?parent=599"}],"curies":[{"name":"wp","href":"https:\/\/api.w.org\/{rel}","templated":true}]}}

Réconciliation

<!-- This site is optimized with the Yoast SEO plugin v27.3 - https://yoast.com/product/yoast-seo-wordpress/ -->
<title>Réconciliation - Castlemain Group</title>
<meta name="description" content="Nous mettons en pratique la réconciliation par des actions concrètes : leadership autochtone, travail respectueux des cultures, souveraineté des données et plan d&#039;action officiel pour la réconciliation conforme aux appels à l&#039;action de la Commission de vérité et réconciliation et à la Déclaration des Nations Unies sur les droits des peuples autochtones." />
<meta name="robots" content="index, follow, max-snippet:-1, max-image-preview:large, max-video-preview:-1" />
<link rel="canonical" href="https://www.castlemain.com/about/reconciliation/" />
<meta property="og:locale" content="fr_FR" />
<meta property="og:type" content="article" />
<meta property="og:title" content="La Réconciliation | Castlemain" />
<meta property="og:description" content="Nous mettons en pratique la réconciliation par des actions concrètes : leadership autochtone, travail respectueux des cultures, souveraineté des données et plan d&#039;action officiel pour la réconciliation conforme aux appels à l&#039;action de la Commission de vérité et réconciliation et à la Déclaration des Nations Unies sur les droits des peuples autochtones." />
<meta property="og:url" content="https://www.castlemain.com/about/reconciliation/" />
<meta property="og:site_name" content="Castlemain Group" />
<meta property="article:modified_time" content="2025-09-26T15:40:12+00:00" />
<meta property="og:image" content="https://www.castlemain.com/wp-content/uploads/2025/07/reconsciliation_hero_mob.webp" />
	<meta property="og:image:width" content="786" />
	<meta property="og:image:height" content="500" />
	<meta property="og:image:type" content="image/webp" />
<meta name="twitter:card" content="summary_large_image" />
<script type="application/ld+json" class="yoast-schema-graph">{"@context":"https:\/\/schema.org","@graph":[{"@type":"WebPage","@id":"https:\/\/www.castlemain.com\/about\/reconciliation\/","url":"https:\/\/www.castlemain.com\/about\/reconciliation\/","name":"Réconciliation - Castlemain Group","isPartOf":{"@id":"https:\/\/www.castlemain.com\/#website"},"datePublished":"2025-07-16T02:07:37+00:00","dateModified":"2025-09-26T15:40:12+00:00","description":"Nous mettons en pratique la réconciliation par des actions concrètes : leadership autochtone, travail respectueux des cultures, souveraineté des données et plan d'action officiel pour la réconciliation conforme aux appels à l'action de la Commission de vérité et réconciliation et à la Déclaration des Nations Unies sur les droits des peuples autochtones.","breadcrumb":{"@id":"https:\/\/www.castlemain.com\/about\/reconciliation\/#breadcrumb"},"inLanguage":"fr-FR","potentialAction":[{"@type":"ReadAction","target":["https:\/\/www.castlemain.com\/about\/reconciliation\/"]}]},{"@type":"BreadcrumbList","@id":"https:\/\/www.castlemain.com\/about\/reconciliation\/#breadcrumb","itemListElement":[{"@type":"ListItem","position":1,"name":"Home","item":"https:\/\/www.castlemain.com\/fr\/"},{"@type":"ListItem","position":2,"name":"À propos","item":"https:\/\/www.castlemain.com\/fr\/a-propos\/"},{"@type":"ListItem","position":3,"name":"Réconciliation"}]},{"@type":"WebSite","@id":"https:\/\/www.castlemain.com\/#website","url":"https:\/\/www.castlemain.com\/","name":"Castlemain Group","description":"","publisher":{"@id":"https:\/\/www.castlemain.com\/#organization"},"potentialAction":[{"@type":"SearchAction","target":{"@type":"EntryPoint","urlTemplate":"https:\/\/www.castlemain.com\/?s={search_term_string}"},"query-input":{"@type":"PropertyValueSpecification","valueRequired":true,"valueName":"search_term_string"}}],"inLanguage":"fr-FR"},{"@type":"Organization","@id":"https:\/\/www.castlemain.com\/#organization","name":"Castlemain Group","url":"https:\/\/www.castlemain.com\/","logo":{"@type":"ImageObject","inLanguage":"fr-FR","@id":"https:\/\/www.castlemain.com\/#\/schema\/logo\/image\/","url":"https:\/\/www.castlemain.com\/wp-content\/uploads\/2026\/03\/Castlemain-Logo-Black-RGB.svg","contentUrl":"https:\/\/www.castlemain.com\/wp-content\/uploads\/2026\/03\/Castlemain-Logo-Black-RGB.svg","caption":"Castlemain Group"},"image":{"@id":"https:\/\/www.castlemain.com\/#\/schema\/logo\/image\/"}}]}</script>
<!-- / Yoast SEO plugin. -->

Réconciliation - Castlemain Group

Nous mettons en pratique la réconciliation par des actions concrètes : leadership autochtone, travail respectueux des cultures, souveraineté des données et plan d'action officiel pour la réconciliation conforme aux appels à l'action de la Commission de vérité et réconciliation et à la Déclaration des Nations Unies sur les droits des peuples autochtones.

La Réconciliation | Castlemain

À propos
